[INFO] cloning repository https://github.com/Ellweb3/rustContract
[INFO] running `Command { std: "git" "-c" "credential.helper=" "-c" "credential.helper=/workspace/cargo-home/bin/git-credential-null" "clone" "--bare" "https://github.com/Ellweb3/rustContract" "/workspace/cache/git-repos/https%3A%2F%2Fgithub.com%2FEllweb3%2FrustContract", kill_on_drop: false }`
[INFO] [stderr] Cloning into bare repository '/workspace/cache/git-repos/https%3A%2F%2Fgithub.com%2FEllweb3%2FrustContract'...
[INFO] running `Command { std: "git" "rev-parse" "HEAD", kill_on_drop: false }`
[INFO] [stdout] c92939565cdcc32717814f19e3ea988cabd5c859
[INFO] checking Ellweb3/rustContract against master#9610dfe5a9a731ced1ea4923ecbd0c57fe367898 for beta-170-4
[INFO] running `Command { std: "git" "clone" "/workspace/cache/git-repos/https%3A%2F%2Fgithub.com%2FEllweb3%2FrustContract" "/workspace/builds/worker-3-tc1/source", kill_on_drop: false }`
[INFO] [stderr] Cloning into '/workspace/builds/worker-3-tc1/source'...
[INFO] [stderr] done.
[INFO] validating manifest of git repo https://github.com/Ellweb3/rustContract on toolchain 9610dfe5a9a731ced1ea4923ecbd0c57fe367898
[INFO] running `Command { std: CARGO_HOME="/workspace/cargo-home" RUSTUP_HOME="/workspace/rustup-home" "/workspace/cargo-home/bin/cargo" "+9610dfe5a9a731ced1ea4923ecbd0c57fe367898" "metadata" "--manifest-path" "Cargo.toml" "--no-deps", kill_on_drop: false }`
[INFO] started tweaking git repo https://github.com/Ellweb3/rustContract
[INFO] finished tweaking git repo https://github.com/Ellweb3/rustContract
[INFO] tweaked toml for git repo https://github.com/Ellweb3/rustContract written to /workspace/builds/worker-3-tc1/source/Cargo.toml
[INFO] crate git repo https://github.com/Ellweb3/rustContract already has a lockfile, it will not be regenerated
[INFO] running `Command { std: CARGO_HOME="/workspace/cargo-home" RUSTUP_HOME="/workspace/rustup-home" "/workspace/cargo-home/bin/cargo" "+9610dfe5a9a731ced1ea4923ecbd0c57fe367898" "fetch" "--manifest-path" "Cargo.toml", kill_on_drop: false }`
[INFO] running `Command { std: "docker" "create" "-v" "/var/lib/crater-agent-workspace/builds/worker-3-tc1/target:/opt/rustwide/target:rw,Z" "-v" "/var/lib/crater-agent-workspace/builds/worker-3-tc1/source:/opt/rustwide/workdir:ro,Z" "-v" "/var/lib/crater-agent-workspace/cargo-home:/opt/rustwide/cargo-home:ro,Z" "-v" "/var/lib/crater-agent-workspace/rustup-home:/opt/rustwide/rustup-home:ro,Z" "-e" "SOURCE_DIR=/opt/rustwide/workdir" "-e" "CARGO_TARGET_DIR=/opt/rustwide/target" "-e" "CARGO_HOME=/opt/rustwide/cargo-home" "-e" "RUSTUP_HOME=/opt/rustwide/rustup-home" "-w" "/opt/rustwide/workdir" "-m" "1610612736" "--user" "0:0" "--network" "none" "ghcr.io/rust-lang/crates-build-env/linux@sha256:19e73879b68f455e41552ea35293514db52ea292d993f571636dbffedb77a1ee" "/opt/rustwide/cargo-home/bin/cargo" "+9610dfe5a9a731ced1ea4923ecbd0c57fe367898" "metadata" "--no-deps" "--format-version=1", kill_on_drop: false }`
[INFO] [stdout] acbbb1fc46a0d03b2693e7c00775e50a53ad245f35a7a1d83e5f019ba960707d
[INFO] running `Command { std: "docker" "start" "-a" "acbbb1fc46a0d03b2693e7c00775e50a53ad245f35a7a1d83e5f019ba960707d", kill_on_drop: false }`
[INFO] running `Command { std: "docker" "inspect" "acbbb1fc46a0d03b2693e7c00775e50a53ad245f35a7a1d83e5f019ba960707d", kill_on_drop: false }`
[INFO] running `Command { std: "docker" "rm" "-f" "acbbb1fc46a0d03b2693e7c00775e50a53ad245f35a7a1d83e5f019ba960707d", kill_on_drop: false }`
[INFO] [stdout] acbbb1fc46a0d03b2693e7c00775e50a53ad245f35a7a1d83e5f019ba960707d
[INFO] running `Command { std: "docker" "create" "-v" "/var/lib/crater-agent-workspace/builds/worker-3-tc1/target:/opt/rustwide/target:rw,Z" "-v" "/var/lib/crater-agent-workspace/builds/worker-3-tc1/source:/opt/rustwide/workdir:ro,Z" "-v" "/var/lib/crater-agent-workspace/cargo-home:/opt/rustwide/cargo-home:ro,Z" "-v" "/var/lib/crater-agent-workspace/rustup-home:/opt/rustwide/rustup-home:ro,Z" "-e" "SOURCE_DIR=/opt/rustwide/workdir" "-e" "CARGO_TARGET_DIR=/opt/rustwide/target" "-e" "CARGO_INCREMENTAL=0" "-e" "RUST_BACKTRACE=full" "-e" "RUSTFLAGS=--cap-lints=forbid" "-e" "RUSTDOCFLAGS=--cap-lints=forbid" "-e" "CARGO_HOME=/opt/rustwide/cargo-home" "-e" "RUSTUP_HOME=/opt/rustwide/rustup-home" "-w" "/opt/rustwide/workdir" "-m" "1610612736" "--user" "0:0" "--network" "none" "ghcr.io/rust-lang/crates-build-env/linux@sha256:19e73879b68f455e41552ea35293514db52ea292d993f571636dbffedb77a1ee" "/opt/rustwide/cargo-home/bin/cargo" "+9610dfe5a9a731ced1ea4923ecbd0c57fe367898" "check" "--frozen" "--all" "--all-targets" "--message-format=json", kill_on_drop: false }`
[INFO] [stdout] f31a09fafa4df95c4a03b134bbc3ad9982c648dec97f84876f7916a1f5bb7eee
[INFO] running `Command { std: "docker" "start" "-a" "f31a09fafa4df95c4a03b134bbc3ad9982c648dec97f84876f7916a1f5bb7eee", kill_on_drop: false }`
[INFO] [stderr]     Blocking waiting for file lock on package cache
[INFO] [stderr]    Compiling proc-macro2 v1.0.28
[INFO] [stderr]    Compiling unicode-xid v0.2.2
[INFO] [stderr]    Compiling syn v1.0.57
[INFO] [stderr]    Compiling serde_derive v1.0.118
[INFO] [stderr]    Compiling serde v1.0.118
[INFO] [stderr]    Compiling indexmap v1.7.0
[INFO] [stderr]    Compiling typenum v1.13.0
[INFO] [stderr]    Compiling serde_json v1.0.66
[INFO] [stderr]    Compiling num-traits v0.2.14
[INFO] [stderr]    Compiling num-integer v0.1.44
[INFO] [stderr]    Compiling hashbrown v0.11.2
[INFO] [stderr]    Compiling memchr v2.4.1
[INFO] [stderr]    Compiling num-bigint v0.3.2
[INFO] [stderr]    Compiling itoa v0.4.7
[INFO] [stderr]    Compiling generic-array v0.14.4
[INFO] [stderr]    Compiling ryu v1.0.5
[INFO] [stderr]     Checking block-padding v0.2.1
[INFO] [stderr]     Checking ahash v0.4.7
[INFO] [stderr]    Compiling num-rational v0.3.2
[INFO] [stderr]    Compiling libc v0.2.99
[INFO] [stderr]     Checking regex-syntax v0.6.25
[INFO] [stderr]     Checking hashbrown v0.9.1
[INFO] [stderr]     Checking cpufeatures v0.1.5
[INFO] [stderr]    Compiling convert_case v0.4.0
[INFO] [stderr]     Checking hex v0.4.3
[INFO] [stderr]    Compiling wee_alloc v0.4.5
[INFO] [stderr]     Checking keccak v0.1.0
[INFO] [stderr]     Checking bs58 v0.4.0
[INFO] [stderr]     Checking memory_units v0.4.0
[INFO] [stderr]    Compiling Inflector v0.11.4
[INFO] [stderr]     Checking near-sys v0.1.0
[INFO] [stderr]     Checking aho-corasick v0.7.18
[INFO] [stderr]    Compiling quote v1.0.9
[INFO] [stderr]     Checking digest v0.9.0
[INFO] [stderr]     Checking block-buffer v0.9.0
[INFO] [stderr]     Checking regex v1.5.4
[INFO] [stderr]     Checking sha2 v0.9.5
[INFO] [stderr]     Checking sha3 v0.9.1
[INFO] [stderr]     Checking near-runtime-utils v4.0.0-pre.1
[INFO] [stderr]    Compiling borsh-derive-internal v0.8.2
[INFO] [stderr]    Compiling borsh-schema-derive-internal v0.8.2
[INFO] [stderr]    Compiling derive_more v0.99.16
[INFO] [stderr]    Compiling near-sdk-macros v4.0.0-pre.4
[INFO] [stderr]    Compiling toml v0.5.8
[INFO] [stderr]    Compiling proc-macro-crate v0.1.5
[INFO] [stderr]    Compiling near-rpc-error-core v0.1.0
[INFO] [stderr]    Compiling near-rpc-error-macro v0.1.0
[INFO] [stderr]    Compiling borsh-derive v0.8.2
[INFO] [stderr]     Checking borsh v0.8.2
[INFO] [stderr]     Checking near-vm-errors v4.0.0-pre.1
[INFO] [stderr]     Checking near-primitives-core v0.4.0
[INFO] [stderr]     Checking near-vm-logic v4.0.0-pre.1
[INFO] [stderr]     Checking near-sdk v4.0.0-pre.4
[INFO] [stderr]     Checking my-crossword v0.1.0 (/opt/rustwide/workdir)
[INFO] [stdout] error[E0433]: failed to resolve: use of undeclared crate or module `env`
[INFO] [stdout]   --> src/lib.rs:28:13
[INFO] [stdout]    |
[INFO] [stdout] 28 |             env::log_str("You guessed right!") 
[INFO] [stdout]    |             ^^^ use of undeclared crate or module `env`
[INFO] [stdout] 
[INFO] [stdout] 
[INFO] [stdout] error[E0433]: failed to resolve: use of undeclared crate or module `env`
[INFO] [stdout]   --> src/lib.rs:30:14
[INFO] [stdout]    |
[INFO] [stdout] 30 |              env::log_str("Try again.")
[INFO] [stdout]    |              ^^^ use of undeclared crate or module `env`
[INFO] [stdout] 
[INFO] [stdout] 
[INFO] [stdout] warning: unused import: `super::*`
[INFO] [stdout]   --> src/lib.rs:45:9
[INFO] [stdout]    |
[INFO] [stdout] 45 |     use super::*;
[INFO] [stdout]    |         ^^^^^^^^
[INFO] [stdout]    |
[INFO] [stdout]    = note: `#[warn(unused_imports)]` on by default
[INFO] [stdout] 
[INFO] [stdout] 
[INFO] [stdout] warning: unused import: `get_logs`
[INFO] [stdout]   --> src/lib.rs:46:32
[INFO] [stdout]    |
[INFO] [stdout] 46 |     use near_sdk::test_utils::{get_logs, VMContextBuilder};
[INFO] [stdout]    |                                ^^^^^^^^
[INFO] [stdout] 
[INFO] [stdout] 
[INFO] [stdout] warning: unused import: `testing_env`
[INFO] [stdout]   --> src/lib.rs:47:20
[INFO] [stdout]    |
[INFO] [stdout] 47 |     use near_sdk::{testing_env, AccountId};
[INFO] [stdout]    |                    ^^^^^^^^^^^
[INFO] [stdout] 
[INFO] [stdout] 
[INFO] [stdout] error: aborting due to 2 previous errors
[INFO] [stdout] 
[INFO] [stdout] 
[INFO] [stdout] For more information about this error, try `rustc --explain E0433`.
[INFO] [stdout] 
[INFO] [stderr] error: could not compile `my-crossword` (lib) due to 3 previous errors
[INFO] [stderr] warning: build failed, waiting for other jobs to finish...
[INFO] [stdout] error[E0433]: failed to resolve: use of undeclared crate or module `env`
[INFO] [stdout]   --> src/lib.rs:28:13
[INFO] [stdout]    |
[INFO] [stdout] 28 |             env::log_str("You guessed right!") 
[INFO] [stdout]    |             ^^^ use of undeclared crate or module `env`
[INFO] [stdout] 
[INFO] [stdout] 
[INFO] [stdout] error[E0433]: failed to resolve: use of undeclared crate or module `env`
[INFO] [stdout]   --> src/lib.rs:30:14
[INFO] [stdout]    |
[INFO] [stdout] 30 |              env::log_str("Try again.")
[INFO] [stdout]    |              ^^^ use of undeclared crate or module `env`
[INFO] [stdout] 
[INFO] [stdout] 
[INFO] [stdout] error: aborting due to 2 previous errors; 3 warnings emitted
[INFO] [stdout] 
[INFO] [stdout] 
[INFO] [stdout] For more information about this error, try `rustc --explain E0433`.
[INFO] [stdout] 
[INFO] [stderr] error: could not compile `my-crossword` (lib test) due to 3 previous errors; 3 warnings emitted
[INFO] running `Command { std: "docker" "inspect" "f31a09fafa4df95c4a03b134bbc3ad9982c648dec97f84876f7916a1f5bb7eee", kill_on_drop: false }`
[INFO] running `Command { std: "docker" "rm" "-f" "f31a09fafa4df95c4a03b134bbc3ad9982c648dec97f84876f7916a1f5bb7eee", kill_on_drop: false }`
[INFO] [stdout] f31a09fafa4df95c4a03b134bbc3ad9982c648dec97f84876f7916a1f5bb7eee
